{"id":91,"date":"2026-02-19T14:52:15","date_gmt":"2026-02-19T14:52:15","guid":{"rendered":"https:\/\/ntr92rl.fr\/?page_id=91"},"modified":"2026-02-19T15:51:24","modified_gmt":"2026-02-19T15:51:24","slug":"touch-rugby","status":"publish","type":"page","link":"https:\/\/ntr92rl.fr\/index.php\/touch-rugby\/","title":{"rendered":"Touch Rugby"},"content":{"rendered":"\n<p>Le Touch ou touch rugby est un des seuls sports collectifs <strong>mixtes<\/strong>. <\/p>\n\n\n\n<p>C&rsquo;est un sport qui peut \u00eatre pratiqu\u00e9 par <strong>tous<\/strong>. <\/p>\n\n\n\n<p>C&rsquo;est la forme de rugby la plus pratiqu\u00e9e en Australie et en Nouvelle Z\u00e9lande o\u00f9 si\u00e8ge la F\u00e9d\u00e9ration internationale de Touch. Il est maintenant pr\u00e9sent en Afrique, en Asie, en Europe et aux Etats-Unis.<\/p>\n\n\n\n<p><strong>Le Touch<\/strong>&nbsp;privil\u00e9gie le jeu d&rsquo;\u00e9quipe faisant appel \u00e0 des qualit\u00e9s de techniques individuelles et collectives, de rapidit\u00e9, d&rsquo;agilit\u00e9. C&rsquo;est un jeu d&rsquo;\u00e9vitement,<strong>&nbsp;s<\/strong>ans plaquage, m\u00eal\u00e9e, regroupement, ni jeu au pied par rapport aux autres sports utilisant un ballon ovale.<\/p>\n\n\n\n<p>Il est une porte ouverte pour la pratique de tous les types de Rugby.<\/p>\n\n\n\n<p>Les r\u00e8gles du jeu :<\/p>\n\n\n<div class=\"wp-block-image\">\n<figure class=\"aligncenter size-large\"><img loading=\"lazy\" decoding=\"async\" width=\"1024\" height=\"711\" src=\"https:\/\/ntr92rl.fr\/wp-content\/uploads\/2026\/02\/regles-1536x1066-1-Copie-1024x711.jpg\" alt=\"\" class=\"wp-image-100\" srcset=\"https:\/\/ntr92rl.fr\/wp-content\/uploads\/2026\/02\/regles-1536x1066-1-Copie-1024x711.jpg 1024w, https:\/\/ntr92rl.fr\/wp-content\/uploads\/2026\/02\/regles-1536x1066-1-Copie-300x208.jpg 300w, https:\/\/ntr92rl.fr\/wp-content\/uploads\/2026\/02\/regles-1536x1066-1-Copie-768x533.jpg 768w, https:\/\/ntr92rl.fr\/wp-content\/uploads\/2026\/02\/regles-1536x1066-1-Copie-1200x833.jpg 1200w, https:\/\/ntr92rl.fr\/wp-content\/uploads\/2026\/02\/regles-1536x1066-1-Copie.jpg 1536w\" sizes=\"auto, (max-width: 1024px) 100vw, 1024px\" \/><\/figure>\n<\/div>\n\n\n<p>Pour en savoir plus :<\/p>\n\n\n\n<div class=\"wp-block-buttons alignwide is-content-justification-center is-layout-flex wp-container-core-buttons-is-layout-16018d1d wp-block-buttons-is-layout-flex\" id=\"touch-rugby\">\n<div class=\"wp-block-button\"><a class=\"wp-block-button__link wp-element-button\" href=\"https:\/\/www.touchfrance.fr\/letouch\/\" target=\"_blank\" rel=\"noreferrer noopener\">TOUCH FRANCE<\/a><\/div>\n<\/div>\n\n\n\n<p>Vid\u00e9os :<\/p>\n\n\n\n<figure class=\"wp-block-embed is-type-video is-provider-youtube wp-block-embed-youtube wp-embed-aspect-16-9 wp-has-aspect-ratio\"><div class=\"wp-block-embed__wrapper\">\n<iframe loading=\"lazy\" title=\"Manga Touch Rugby\" width=\"580\" height=\"326\" src=\"https:\/\/www.youtube.com\/embed\/K8kIILCcZxI?feature=oembed\" frameborder=\"0\" allow=\"accelerometer; autoplay; clipboard-write; encrypted-media; gyroscope; picture-in-picture; web-share\" referrerpolicy=\"strict-origin-when-cross-origin\" allowfullscreen><\/iframe>\n<\/div><\/figure>\n\n\n\n<p>Source : Site Touch France <\/p>\n\n\n\n<p><\/p>\n","protected":false},"excerpt":{"rendered":"<p>Le Touch ou touch rugby est un des seuls sports collectifs mixtes. C&rsquo;est un sport qui peut \u00eatre pratiqu\u00e9 par tous. C&rsquo;est la forme de rugby la plus pratiqu\u00e9e en Australie et en Nouvelle Z\u00e9lande o\u00f9 si\u00e8ge la F\u00e9d\u00e9ration internationale de Touch. Il est maintenant pr\u00e9sent en Afrique, en Asie, en Europe et aux Etats-Unis. [&hellip;]<\/p>\n","protected":false},"author":1,"featured_media":108,"parent":0,"menu_order":0,"comment_status":"closed","ping_status":"closed","template":"","meta":{"footnotes":""},"class_list":["post-91","page","type-page","status-publish","has-post-thumbnail","hentry"],"_links":{"self":[{"href":"https:\/\/ntr92rl.fr\/index.php\/wp-json\/wp\/v2\/pages\/91","targetHints":{"allow":["GET"]}}],"collection":[{"href":"https:\/\/ntr92rl.fr\/index.php\/wp-json\/wp\/v2\/pages"}],"about":[{"href":"https:\/\/ntr92rl.fr\/index.php\/wp-json\/wp\/v2\/types\/page"}],"author":[{"embeddable":true,"href":"https:\/\/ntr92rl.fr\/index.php\/wp-json\/wp\/v2\/users\/1"}],"replies":[{"embeddable":true,"href":"https:\/\/ntr92rl.fr\/index.php\/wp-json\/wp\/v2\/comments?post=91"}],"version-history":[{"count":5,"href":"https:\/\/ntr92rl.fr\/index.php\/wp-json\/wp\/v2\/pages\/91\/revisions"}],"predecessor-version":[{"id":107,"href":"https:\/\/ntr92rl.fr\/index.php\/wp-json\/wp\/v2\/pages\/91\/revisions\/107"}],"wp:featuredmedia":[{"embeddable":true,"href":"https:\/\/ntr92rl.fr\/index.php\/wp-json\/wp\/v2\/media\/108"}],"wp:attachment":[{"href":"https:\/\/ntr92rl.fr\/index.php\/wp-json\/wp\/v2\/media?parent=91"}],"curies":[{"name":"wp","href":"https:\/\/api.w.org\/{rel}","templated":true}]}}